8 + p/((-3)/18). Calculate the highest common factor of 70 and i.
14
Let j = 99 + -105. Let x(f) = -2*f**2 - 16*f + 6. Let z be x(j). Let g be 11/(3 - 2) + 1. What is the greatest common divisor of z and g?
6
Suppose -3*b = -5*f + 24338, -2*f = -283*b + 288*b - 9729. What is the greatest common divisor of 471 and f?
157
Let y be (63/99)/((-14)/(-770)). Calculate the greatest common factor of y and 2975.
35
Let o(z) = z**3 - 7*z**2 + 16*z - 13. Let r be o(7). Suppose r - 654 = -5*m. What is the greatest common divisor of 37 and m?
37
Let y be (2/(-4))/(2/(-364)). Let w(t) = -t**2 + 20*t - 55. Let q be w(15). Suppose -12*n = q*n - 224. What is the highest common divisor of n and y?
7
Let f = -1841 + 2248. Calculate the greatest common divisor of 851 and f.
37
Let w = 466 + -462. Suppose w*g + x + 43 = 5*g, 2*x = 3*g - 127. Calculate the greatest common factor of g and 574.
41
Suppose -4*u + 2*u = -2. Let k be 8/(-14) - (-282895)/203. Let s = k + -1390. Calculate the highest common divisor of s and u.
1
Suppose -2*m + 1 - 12 = 5*t, 5*t = -25. Let q = 4 + -3. Calculate the greatest common divisor of q and m.
1
Let g = 623 - 287. Let a(c) = 11*c + 395. Let b be a(-34). Calculate the greatest common factor of g and b.
21
Let t = 2576 - -580. Calculate the greatest common divisor of 36 and t.
12
Suppose 2*s = -o - 3*s + 61, 0 = 2*o - s - 155. Calculate the highest common divisor of 17252 and o.
76
Suppose 25*d + 2*c + 18 = 27*d, 3*d = 5*c + 33. Let y be d*(52/12 + 1). Calculate the greatest common divisor of y and 56.
8
Suppose -16*j + 189 + 291 = 0. Let t = 26 + -19. Let u = t - -13. Calculate the highest common divisor of u and j.
10
Let m = -11 - -3. Let s be -55*2/m*4. Suppose 5*l + 0*l = s. What is the highest common divisor of l and 33?
11
Let n = 3 - -2. Suppose -4*u + n*u = 0. Suppose 6*j - 22 + 16 = u. Calculate the greatest common factor of 5 and j.
1
Let k(f) = -f**2 + 5*f + 88. Let q be k(12). Suppose -q*u + 4*s + 560 = 0, -3*u = 2*s - 496 + 51. Calculate the highest common divisor of 10 and u.
5
Let n be 0 + -3 + 90 - -4. Let m = 142 - n. Let q be 2/4*(m - -1). Calculate the highest common divisor of 78 and q.
26
Let y(t) = -2294*t - 3293. Let q be y(-3). Calculate the greatest common divisor of q and 194.
97
Suppose 0 = 2*m + 4*z, 3*m - 4*m - 4*z - 10 = 0. Let r = 63 + -38. What is the highest common divisor of r and m?
5
Suppose -5*r - 215*y + 197 = -216*y, 12 = 4*y. What is the greatest common factor of r and 3140?
20
Suppose 0 = -0*j + 5*j. Let z be (-1 + -1 - 121)/((-12)/(-32)). Let t = j - z. Calculate the highest common divisor of t and 41.
41
Suppose 16*t - 3585 = -2*t + 2715. Calculate the greatest common factor of 650 and t.
50
Let w = 745 - 748. Let p(y) = 7*y - 3*y - 2*y**2 + 4*y**2. Let x be p(w). What is the highest common divisor of 42 and x?
6
Let j(b) = 5*b**2 - 6*b + 4. Let d be j(1). Let h be 154 + -7 - d - 4. What is the greatest common divisor of h and 84?
28
Suppose 392 = t + 10*r - 6*r, 2*t - r = 793. Let z be (-1)/(2 + (-885)/440). What is the greatest common divisor of t and z?
44
Let t(h) = h**3 - 14*h**2 + 49*h + 10. Let v be t(6). Calculate the greatest common divisor of v and 88.
8
Let k = -4557 + 4585. What is the greatest common factor of k and 28?
28
Let q = -5350 + 5510. What is the highest common factor of 280 and q?
40
Suppose -85 = -2*o - 29 + 16. Calculate the highest common divisor of 3492 and o.
36
Let d = -611 - -613. Let o(i) = -7*i**2 - 7 + i**3 + 8*i + 1 + 2*i. Let j be o(6). What is the highest common divisor of d and j?
2
Let l(s) = 104*s + 31. Let u be l(5). Let n = u - 541. What is the highest common divisor of n and 160?
10
Let h(q) = q**3 + 6*q**2 - 5*q - 11. Let x be h(-5). Calculate the highest common divisor of x and 819.
39
Suppose 6*t - 456 = 996. Let a = -378 + 400. What is the greatest common divisor of t and a?
22
Suppose 25 = -49*o + 54*o. Suppose h + 0*h = -2*k + 354, o*k - 895 = -5*h. Suppose 6*x - 7*x = -35. Calculate the greatest common factor of x and k.
35
Let w = 5250 - 3391. What is the greatest common factor of 33 and w?
11
Let z be (7 - 10 - -9) + 11 + -5 + 10. What is the greatest common divisor of 7843 and z?
11
Suppose 1655*v = 1648*v + 21. Suppose 5*l - 165 = -5*o, 3*o - v*l - 47 = 52. What is the highest common factor of o and 176?
11
Suppose 1771*k - 1798*k = -1242. Let b = -26 + 140. Let w = -22 + b. What is the highest common divisor of w and k?
46
Suppose -4*p + 18 + 22 = 0. Let m(t) = -2*t**2 + 13*t + 28. Let s be m(-8). Let b = s + 244. Calculate the highest common divisor of b and p.
10
Suppose w = -8*d + 645, 0 = 4*d + 11*w - 7*w - 340. Calculate the highest common factor of d and 110.
10
Let a(p) = -15*p - 3. Let v be a(-2). Let b = -931 - -937. Suppose 171 = 2*r - 4*u + u, -2*u = b. Calculate the greatest common divisor of v and r.
27
Let s be (-2 - -4)/(-24*10/(-5760)). Suppose -70 = -k - 2*n, -4*n = -7*k + 3*k + 244. What is the greatest common factor of s and k?
16
Suppose 205*u + 27 = 202*u, u - 2987 = -2*w. Calculate the greatest common factor of w and 42.
14
Suppose 5*a = 14 - 4. Let f be a/24 - 7339/(-492). Calculate the highest common divisor of f and 960.
15
Let j be (-10)/(-1)*(-1)/(-2). Let w be (-182)/(-6) - j/15. Suppose 12*a = -3*a - 67*a + 5740. Calculate the greatest common divisor of a and w.
10
Let v be (-1)/((-14)/(-96)*3/(-21)). Let z be (96/(-5))/((-6)/(-180)*-4). What is the greatest common factor of z and v?
48
Suppose t - 20 - 2 = 0. Suppose -42*h = 13*h + 49*h - 4576. Calculate the highest common factor of h and t.
22
Let z = 57 - -623. Suppose -19*m = m - z. Let r be 1/(-2 + (-70)/(-34)). What is the highest common factor of r and m?
17
Suppose 5*p = 3*b - 433, 4*b - 5*p - 187 - 387 = 0. Let q be 96/(-80)*(-1 - b/9). Calculate the highest common factor of q and 70.
10
Let t(v) = -43*v + 605. Let j be t(-33). Calculate the greatest common divisor of j and 184.
184
Let y(z) = -z**3 - 44*z**2 - 122*z + 27. Let m be y(-41). Let t = m + 70. Let f be (-10)/25 - 42/(-5). What is the greatest common factor of f and t?
8
Let v be 4/1 + (-2)/1. Let i be -2*((-148)/(-8)*-1 + v). Let q = -22 + i. Calculate the greatest common factor of q and 121.
11
Let h be 0 + (579 - (-10 + 6)). Suppose -2*d + 5*w = -7*d + 2975, 0 = d + 5*w - h. What is the highest common divisor of 26 and d?
26
Let u(j) = -10*j + 10*j + 6*j - 10 + j**2. Let g be u(5). Calculate the greatest common factor of g and 9.
9
Let s(c) = -2*c**3 - 35*c**2 - 20*c - 50. Let k = 449 - 466. Let f be s(k). What is the highest common factor of f and 13?
1
Let f = 3044 - 2990. Calculate the highest common divisor of f and 6318.
54
Let h(n) = -483*n - 885. Let k be h(-2). Calculate the highest common factor of k and 1539.
81
Let n be (-8)/(0 - (27/30)/9). Suppose -20*c = -4*c - n. Calculate the highest common factor of 35 and c.
5
Suppose -4*q = -11 - 1. Suppose 4*l + o = l + 13, -q*o = -3. Suppose -5*d - 10 = 0, 3*v - 36 = -v - l*d. Calculate the highest common divisor of v and 99.
11
Let h(p) = 2*p**2 - 103*p - 1937. Let t be h(-24). Calculate the greatest common divisor of t and 7471.
241
Suppose 2*b - 544 = 57*u - 61*u, 4*u - 572 = 5*b. What is the highest common factor of u and 414?
138
Let p be (-3)/(-2) + (0 - (-4100)/8). Let y be (-1*109)/((-20)/60). Let q = p - y. What is the greatest common factor of q and 17?
17
Suppose 3*x = -261 + 306. Suppose -5*g + 446 = -1429. Calculate the highest common divisor of g and x.
15
Let l = 147 + 24. Suppose -3*n - l = -2*y, -5*n - 62 = -2*y + 99. Let b = y + -17. Calculate the greatest common divisor of 190 and b.
38
Suppose 2*o + 14 = 2*i, 0 = 4*o + i + 2*i + 21. Let y be (-1 - 1) + (-60)/o. Let f = -1578 - -1634. Calculate the greatest common divisor of y and f.
8
Let f = 17000 - 16972. Let y be 4/(-6) - (-2274)/9. What is the highest common factor of f and y?
28
Suppose 20 - 2 = 2*v. Suppose 0 = -3*o + s + 2*s + 21, 2*o = s + 10. Suppose o*c = -26 + 107. What is the highest common divisor of v and c?
9
Let v be 1/((6/160)/((-135)/(-60))). Suppose 8*l = 2*l + 72. What is the highest common factor of l and v?
12
Suppose 0 = 16*y - 33 + 1. Suppose y*h + 48 = 4*h - 3*u, -3*h + 71 = -4*u. What is the highest common divisor of h and 147?
21
S